{"id":69,"date":"2013-01-09T21:44:46","date_gmt":"2013-01-09T20:44:46","guid":{"rendered":"http:\/\/wptest.horredssk.se\/?page_id=69"},"modified":"2021-11-10T09:45:34","modified_gmt":"2021-11-10T08:45:34","slug":"kilastugan","status":"publish","type":"page","link":"http:\/\/old.horredssk.se\/?page_id=69","title":{"rendered":"Kilag\u00e5rden"},"content":{"rendered":"<p>Kilag\u00e5rden ligger i ett natursk\u00f6nt omr\u00e5de med h\u00e4rliga gr\u00e4sytor i direkt anslutning till huset och flera motionsslingor.<\/p>\n<p>Det \u00e4r en utm\u00e4rkt plats att ha fest, barnkalas eller br\u00f6llop. H\u00e4r finns plats f\u00f6r plats f\u00f6r 60 sittande g\u00e4ster. K\u00f6ket \u00e4r fullutrustat och porslinet r\u00e4cker gott och v\u00e4l till 60 personer.<\/p>\n<p>I matsalen finns en \u00f6ppenspis som v\u00e4rmer gott och ger en h\u00e4rlig trivsel.<\/p>\n<p>Parkering finns b\u00e5de framf\u00f6r och bakom stugan.<\/p>\n<p>Om ni har fr\u00e5gor eller vill boka stugan h\u00f6r av er till Frida Arnell p\u00e5 mobil 070-483 36 40.<\/p>\n<p><img loading=\"lazy\" decoding=\"async\" src=\"http:\/\/old.horredssk.se\/wp-content\/uploads\/2019\/06\/IMG_3115.jpg\" alt=\"\" width=\"580\" height=\"435\" \/><\/p>\n<p align=\"center\">\u00a0\u00a0\u00a0\u00a0Stugan renoverades inv\u00e4ndigt v\u00e5ren -08, \u00e4r\u00a0ljus och\u00a0fr\u00e4sch med nytt porslin och glas i sk\u00e5pen.<\/p>\n<p align=\"center\"><img loading=\"lazy\" decoding=\"async\" class=\"aligncenter\" src=\"http:\/\/old.horredssk.se\/wp-content\/uploads\/2019\/06\/IMG_3099.jpg\" alt=\"\" width=\"580\" height=\"435\" \/><\/p>\n<p style=\"text-align: left;\" align=\"center\">Det finns h\u00e4rligt natursk\u00f6na omr\u00e5den runt stugan med grillplats och stora gr\u00e4splaner.<\/p>\n<p align=\"center\"><img loading=\"lazy\" decoding=\"async\" class=\"alignnone size-full wp-image-123\" src=\"http:\/\/wptest.horredssk.se\/wp-content\/uploads\/2013\/01\/grillplats.png\" alt=\"Grillplatsen\" width=\"300\" height=\"223\" \/><\/p>\n<p>I stugan finns \u00e4ven gym, separata herr- och damomkl\u00e4dningsrum med dusch, bastu och toaletter. L\u00e4s mer p\u00e5 sektionssidan <a href=\"http:\/\/old.horredssk.se\/?page_id=9\">gym<\/a>.<\/p>\n<p>Dessutom finns flera fina motionsslingor, l\u00e4s mer p\u00e5 sektionssidan <a href=\"http:\/\/old.horredssk.se\/?page_id=43\">motion<\/a>.<\/p>\n<p>Och h\u00e4r anordnas ocks\u00e5 utomhustr\u00e4ning, l\u00e4s mer p\u00e5 sektionssidan <a href=\"http:\/\/old.horredssk.se\/?page_id=7\">gymnastik<\/a>.<\/p>\n<p>Stugan hittar du h\u00e4r:<\/p>\n<p><iframe loading=\"lazy\" src=\"https:\/\/maps.google.se\/maps?q=57.372268,12.453228&amp;num=1&amp;t=m&amp;ie=UTF8&amp;ll=57.371902,12.454033&amp;spn=0.06479,0.145912&amp;z=12&amp;output=embed\" width=\"425\" height=\"350\" frameborder=\"0\" marginwidth=\"0\" marginheight=\"0\" scrolling=\"no\"><\/iframe><br \/>\n<small><a style=\"text-align: left; color: #0000ff;\" href=\"https:\/\/maps.google.se\/maps?q=57.372268,12.453228&amp;num=1&amp;t=m&amp;ie=UTF8&amp;ll=57.371902,12.454033&amp;spn=0.06479,0.145912&amp;z=12&amp;source=embed\">Visa st\u00f6rre karta<\/a><\/small><\/p>\n","protected":false},"excerpt":{"rendered":"<p>Kilag\u00e5rden ligger i ett natursk\u00f6nt omr\u00e5de med h\u00e4rliga gr\u00e4sytor i direkt anslutning till huset och flera motionsslingor. Det \u00e4r en utm\u00e4rkt plats att ha fest, barnkalas eller br\u00f6llop. H\u00e4r finns plats f\u00f6r plats f\u00f6r 60 sittande g\u00e4ster. K\u00f6ket \u00e4r fullutrustat &hellip; <a href=\"http:\/\/old.horredssk.se\/?page_id=69\">L\u00e4s mer <span class=\"meta-nav\">&rarr;<\/span><\/a><\/p>\n","protected":false},"author":2,"featured_media":0,"parent":51,"menu_order":0,"comment_status":"open","ping_status":"open","template":"","meta":{"jetpack_post_was_ever_published":false,"footnotes":""},"class_list":["post-69","page","type-page","status-publish","hentry"],"jetpack_sharing_enabled":true,"jetpack_shortlink":"https:\/\/wp.me\/P32WzJ-17","_links":{"self":[{"href":"http:\/\/old.horredssk.se\/index.php?rest_route=\/wp\/v2\/pages\/69","targetHints":{"allow":["GET"]}}],"collection":[{"href":"http:\/\/old.horredssk.se\/index.php?rest_route=\/wp\/v2\/pages"}],"about":[{"href":"http:\/\/old.horredssk.se\/index.php?rest_route=\/wp\/v2\/types\/page"}],"author":[{"embeddable":true,"href":"http:\/\/old.horredssk.se\/index.php?rest_route=\/wp\/v2\/users\/2"}],"replies":[{"embeddable":true,"href":"http:\/\/old.horredssk.se\/index.php?rest_route=%2Fwp%2Fv2%2Fcomments&post=69"}],"version-history":[{"count":27,"href":"http:\/\/old.horredssk.se\/index.php?rest_route=\/wp\/v2\/pages\/69\/revisions"}],"predecessor-version":[{"id":2274,"href":"http:\/\/old.horredssk.se\/index.php?rest_route=\/wp\/v2\/pages\/69\/revisions\/2274"}],"up":[{"embeddable":true,"href":"http:\/\/old.horredssk.se\/index.php?rest_route=\/wp\/v2\/pages\/51"}],"wp:attachment":[{"href":"http:\/\/old.horredssk.se\/index.php?rest_route=%2Fwp%2Fv2%2Fmedia&parent=69"}],"curies":[{"name":"wp","href":"https:\/\/api.w.org\/{rel}","templated":true}]}}