{"id":1899,"date":"2020-06-25T20:09:02","date_gmt":"2020-06-25T18:09:02","guid":{"rendered":"http:\/\/old.horredssk.se\/?page_id=1899"},"modified":"2020-06-29T10:37:00","modified_gmt":"2020-06-29T08:37:00","slug":"led-belysning","status":"publish","type":"page","link":"http:\/\/old.horredssk.se\/?page_id=1899","title":{"rendered":"LED-belysning"},"content":{"rendered":"\n<h2 class=\"wp-block-heading\">Konvertering till LED-belysning p\u00e5 2,5 km sp\u00e5ret<\/h2>\n\n\n\n<p>Under 2018 bytte vi alla lampor p\u00e5 elljussp\u00e5ret till LED-belysning. Delar av sp\u00e5ret finansierades med hj\u00e4lp av EU-st\u00f6d och kommunala bidrag och \u00f6vriga delar av bidrag fr\u00e5n Svenska idrottsf\u00f6rbundet och Sparbanksstiftelsen. Tack till alla mark\u00e4gare som gjort detta m\u00f6jligt, till alla medlemmar som gett av sin tid till klubben och stort tack till bidragsgivarna!<\/p>\n\n\n\n<h2 class=\"wp-block-heading\">Projektbeskrivning:<\/h2>\n\n\n\n<p>Vi har satt ut n\u00e4rmare 100 armaturer typ Smart motion IV-49W LED, stolpavst\u00e5nd ca 26 meter. Armaturerna har monterats p\u00e5 st\u00e5lstolpe med LPM 6M, tidigare hade vi impregnerade tr\u00e4stolpar. Vi anlitade Varbergsortens elkraft p\u00e5 totalentreprenad och de har pl\u00f6jt\/schaktat ner elkabeln och satt s\u00e4ttning och riktning av stolpar enligt de rekommendationer som vi f\u00e5tt i ett energiutl\u00e5tande. I entreprenaden ingick \u00e4ven elektriska arbeten, s\u00e5 som montering av armaturer p\u00e5 stolpe, s\u00e4ttning av stolpe i fundament och kopplingsarbetet f\u00f6r att f\u00e5 en fullt fungerande elljusslinga. \u00c4ven rasering och demontering av den tidigare belysning runt elljusbanan inklusive k\u00e4llsortering av avfallet ingick i entreprenaden. De tidigare kvicksilverlamporna har sorterats som milj\u00f6farligt avfall, armaturerna som elskrot och stolparna skickades till destruktion.<\/p>\n\n\n\n<p>Styrelsen i Horreds SK<\/p>\n\n\n\n<figure class=\"wp-block-image size-large\"><img loading=\"lazy\" decoding=\"async\" width=\"225\" height=\"215\" src=\"http:\/\/old.horredssk.se\/wp-content\/uploads\/2020\/06\/EU-logo-jordbruksfonden-farg-e1593108344995.jpg\" alt=\"\" class=\"wp-image-1907\"\/><\/figure>\n","protected":false},"excerpt":{"rendered":"<p>Konvertering till LED-belysning p\u00e5 2,5 km sp\u00e5ret Under 2018 bytte vi alla lampor p\u00e5 elljussp\u00e5ret till LED-belysning. Delar av sp\u00e5ret finansierades med hj\u00e4lp av EU-st\u00f6d och kommunala bidrag och \u00f6vriga delar av bidrag fr\u00e5n Svenska idrottsf\u00f6rbundet och Sparbanksstiftelsen. Tack till &hellip; <a href=\"http:\/\/old.horredssk.se\/?page_id=1899\">L\u00e4s mer <span class=\"meta-nav\">&rarr;<\/span><\/a><\/p>\n","protected":false},"author":14,"featured_media":0,"parent":51,"menu_order":0,"comment_status":"closed","ping_status":"closed","template":"","meta":{"jetpack_post_was_ever_published":false,"footnotes":""},"class_list":["post-1899","page","type-page","status-publish","hentry"],"jetpack_sharing_enabled":true,"jetpack_shortlink":"https:\/\/wp.me\/P32WzJ-uD","_links":{"self":[{"href":"http:\/\/old.horredssk.se\/index.php?rest_route=\/wp\/v2\/pages\/1899","targetHints":{"allow":["GET"]}}],"collection":[{"href":"http:\/\/old.horredssk.se\/index.php?rest_route=\/wp\/v2\/pages"}],"about":[{"href":"http:\/\/old.horredssk.se\/index.php?rest_route=\/wp\/v2\/types\/page"}],"author":[{"embeddable":true,"href":"http:\/\/old.horredssk.se\/index.php?rest_route=\/wp\/v2\/users\/14"}],"replies":[{"embeddable":true,"href":"http:\/\/old.horredssk.se\/index.php?rest_route=%2Fwp%2Fv2%2Fcomments&post=1899"}],"version-history":[{"count":8,"href":"http:\/\/old.horredssk.se\/index.php?rest_route=\/wp\/v2\/pages\/1899\/revisions"}],"predecessor-version":[{"id":1912,"href":"http:\/\/old.horredssk.se\/index.php?rest_route=\/wp\/v2\/pages\/1899\/revisions\/1912"}],"up":[{"embeddable":true,"href":"http:\/\/old.horredssk.se\/index.php?rest_route=\/wp\/v2\/pages\/51"}],"wp:attachment":[{"href":"http:\/\/old.horredssk.se\/index.php?rest_route=%2Fwp%2Fv2%2Fmedia&parent=1899"}],"curies":[{"name":"wp","href":"https:\/\/api.w.org\/{rel}","templated":true}]}}