{"id":1446,"date":"2019-06-30T18:05:16","date_gmt":"2019-06-30T16:05:16","guid":{"rendered":"http:\/\/old.horredssk.se\/?page_id=1446"},"modified":"2019-06-30T18:05:19","modified_gmt":"2019-06-30T16:05:19","slug":"omkladningsrum-bastu","status":"publish","type":"page","link":"http:\/\/old.horredssk.se\/?page_id=1446","title":{"rendered":"Omkl\u00e4dningsrum &#038; bastu"},"content":{"rendered":"\n<p>I bottenplan p\u00e5 Kilag\u00e5rden finns separata dam- och herromkl\u00e4dningsrum med dusch, bastu och toalett.<\/p>\n\n\n<p><strong>Damernas omkl\u00e4dningsrum:<\/strong><\/p>\n<p style=\"text-align: center;\"><img loading=\"lazy\" decoding=\"async\" src=\"http:\/\/old.horredssk.se\/wp-content\/uploads\/2019\/06\/IMG_3110.jpg\" alt=\"\" width=\"580\" height=\"435\" \/><\/p>\n<p><img loading=\"lazy\" decoding=\"async\" src=\"http:\/\/old.horredssk.se\/wp-content\/uploads\/2019\/06\/IMG_3111.jpg\" alt=\"\" width=\"580\" height=\"435\" \/><\/p>\n<p><img loading=\"lazy\" decoding=\"async\" src=\"http:\/\/old.horredssk.se\/wp-content\/uploads\/2019\/06\/IMG_3112.jpg\" alt=\"\" width=\"580\" height=\"435\" \/><\/p>\n<p>\u00a0<strong>Herrarnas omkl\u00e4dningsrum:<\/strong><\/p>\n<p><img loading=\"lazy\" decoding=\"async\" src=\"http:\/\/old.horredssk.se\/wp-content\/uploads\/2019\/06\/IMG_3113.jpg\" alt=\"\" width=\"580\" height=\"435\" \/><\/p>\n<p><img loading=\"lazy\" decoding=\"async\" src=\"http:\/\/old.horredssk.se\/wp-content\/uploads\/2019\/06\/IMG_3114.jpg\" alt=\"\" width=\"580\" height=\"435\" \/><\/p>\n<p>\u00a0<\/p>","protected":false},"excerpt":{"rendered":"<p>I bottenplan p\u00e5 Kilag\u00e5rden finns separata dam- och herromkl\u00e4dningsrum med dusch, bastu och toalett. Damernas omkl\u00e4dningsrum: \u00a0Herrarnas omkl\u00e4dningsrum: \u00a0<\/p>\n","protected":false},"author":14,"featured_media":0,"parent":9,"menu_order":0,"comment_status":"closed","ping_status":"closed","template":"","meta":{"jetpack_post_was_ever_published":false,"footnotes":""},"class_list":["post-1446","page","type-page","status-publish","hentry"],"jetpack_sharing_enabled":true,"jetpack_shortlink":"https:\/\/wp.me\/P32WzJ-nk","_links":{"self":[{"href":"http:\/\/old.horredssk.se\/index.php?rest_route=\/wp\/v2\/pages\/1446","targetHints":{"allow":["GET"]}}],"collection":[{"href":"http:\/\/old.horredssk.se\/index.php?rest_route=\/wp\/v2\/pages"}],"about":[{"href":"http:\/\/old.horredssk.se\/index.php?rest_route=\/wp\/v2\/types\/page"}],"author":[{"embeddable":true,"href":"http:\/\/old.horredssk.se\/index.php?rest_route=\/wp\/v2\/users\/14"}],"replies":[{"embeddable":true,"href":"http:\/\/old.horredssk.se\/index.php?rest_route=%2Fwp%2Fv2%2Fcomments&post=1446"}],"version-history":[{"count":4,"href":"http:\/\/old.horredssk.se\/index.php?rest_route=\/wp\/v2\/pages\/1446\/revisions"}],"predecessor-version":[{"id":1450,"href":"http:\/\/old.horredssk.se\/index.php?rest_route=\/wp\/v2\/pages\/1446\/revisions\/1450"}],"up":[{"embeddable":true,"href":"http:\/\/old.horredssk.se\/index.php?rest_route=\/wp\/v2\/pages\/9"}],"wp:attachment":[{"href":"http:\/\/old.horredssk.se\/index.php?rest_route=%2Fwp%2Fv2%2Fmedia&parent=1446"}],"curies":[{"name":"wp","href":"https:\/\/api.w.org\/{rel}","templated":true}]}}